 what is -3752379 + 4?
-3752375
In base 2, what is 101 - -1011010010000?
1011010010101
In base 14, what is 30b - 4a?
2a1
In base 2, what is 1110011011001 + 11?
1110011011100
In base 13, what is -5 - 1363c0?
-1363c5
In base 11, what is a786 - 34?
a752
In base 4, what is -10 - -210130000?
210123330
In base 7, what is -6231003 + -5?
-6231011
In base 4, what is -11203 - -33033?
21230
In base 4, what is -21132123 + -11?
-21132200
In base 3, what is 100001010 - -12?
100001022
In base 11, what is -3a0 - 54?
-444
In base 14, what is 16678 + -6?
16672
In base 10, what is -94422 - 0?
-94422
In base 3, what is 1 - 112010200212?
-112010200211
In base 15, what is 5 - -1c52?
1c57
In base 8, what is -7201 + -41?
-7242
In base 7, what is -215232 + -222?
-215454
In base 16, what is 7953 - -3?
7956
In base 5, what is -1 - -220201?
220200
In base 14, what is -18dca + 3?
-18dc7
In base 16, what is 1af + 71c?
8cb
In base 7, what is -614510 + 5?
-614502
In base 15, what is -1 + -11044?
-11045
In base 2, what is -1010110010111010110 + -10?
-1010110010111011000
In base 14, what is 13 - -2cc?
301
In base 10, what is 1110 + -4272?
-3162
In base 6, what is 5 + 430530?
430535
In base 8, what is -6500 + 5?
-6473
In base 9, what is 0 - 1318?
-1318
In base 11, what is -a54175 + 0?
-a54175
In base 12, what is -5955b + 3?
-59558
In base 14, what is -1 + -1275?
-1276
In base 16, what is 795f0 - -1?
795f1
In base 14, what is -1947c + 12?
-1946a
In base 8, what is 74 - -1535?
1631
In base 2, what is 111011010 - 1001010?
110010000
In base 8, what is 3 - -574?
577
In base 5, what is 10223204 + 1?
10223210
In base 4, what is 3 - -10131120111?
10131120120
In base 7, what is -23 - 10102?
-10125
In base 13, what is -18 + a297?
a27c
In base 12, what is -2 + -15732?
-15734
In base 2, what is -10011010101111001001011 - -1?
-10011010101111001001010
In base 11, what is -3 - -720a?
7207
In base 11, what is -2 - -181954?
181952
In base 12, what is -172 - 72b?
-8a1
In base 8, what is 4773 - 45?
4726
In base 15, what is -16ca - 0?
-16ca
In base 6, what is 11425321 - -13?
11425334
In base 9, what is -143 + -2613?
-2756
In base 9, what is 60654 + -1?
60653
In base 8, what is 40125 - 1?
40124
In base 15, what is -132 - -516?
3d4
In base 8, what is 11 - -4222?
4233
In base 12, what is -221 + 32?
-1ab
In base 8, what is 14555 + -12?
14543
In base 4, what is -20123000 - 101?
-20123101
In base 6, what is -10514 + 145?
-10325
In base 5, what is 2 + -1331413?
-1331411
In base 16, what is 8 - 3db78?
-3db70
In base 11, what is 4349 - 2?
4347
In base 9, what is 8 + 7624?
7633
In base 10, what is -110200 - 1?
-110201
In base 2, what is -10 + 1001011101110111100?
1001011101110111010
In base 6, what is -5320 - 3252?
-13012
In base 15, what is 3 - -aba2?
aba5
In base 12, what is 8442 + -4?
843a
In base 9, what is -1 - 2666?
-2667
In base 14, what is 197a + 11?
198b
In base 6, what is 0 + -45205?
-45205
In base 13, what is -2255b - -16?
-22545
In base 10, what is -35071 + 4?
-35067
In base 9, what is 15655 - -7?
15663
In base 7, what is -104 - -1103?
666
In base 3, what is 212010100 + -1?
212010022
In base 15, what is -250e3 - -2?
-250e1
In base 2, what is -101 + 1001101110100001?
1001101110011100
In base 9, what is -2483 - -57?
-2425
In base 11, what is -5359 + 5?
-5354
In base 5, what is 23014344 + -4?
23014340
In base 9, what is -1 - -283156?
283155
In base 16, what is -1 - -f32f2?
f32f1
In base 8, what is -154 + -1637?
-2013
In base 11, what is -4 + -12820?
-12824
In base 12, what is -a3 + -3a?
-121
In base 12, what is -31 - 4b8?
-529
In base 14, what is -7d - -5a0?
521
In base 5, what is 1021 + 1422?
2443
In base 15, what is 2 - -5c05?
5c07
In base 3, what is 10 - 2101120112?
-2101120102
In base 12, what is 134ab - -102?
135b1
In base 13, what is 124 + -4ab1?
-498a
In base 2, what is 110011100 - -111100100?
1110000000
In base 16, what is -11a9cc + -2?
-11a9ce
In base 3, what is -221 + -121001222?
-121002220
In base 7, what is 115 + 13?
131
In base 7, what is -1521 + -2231?
-4052
In base 10, what is -1579 - -31?
-1548
In base 10, what is 8 - -22879?
22887
In base 12, what is -2 + 70922?
70920
In base 15, what is -39 - 19e9?
-1a33
In base 14, what is -5d1b + 23?
-5cd8
In base 4, what is 113 + -203000?
-202221
In base 9, what is 0 + -471053?
-471053
In base 14, what is 4a - -436?
482
In base 9, what is -34 + -3604?
-3638
In base 10, what is 95 - -1460?
1555
In base 2, what is 100001001 + -1101001011?
-1001000010
In base 13, what is -45bb93 - -3?
-45bb90
In base 11, what is -5 - -a500?
a4a6
In base 6, what is -11 + 431?
420
In base 4, what is -2100312 + -1?
-2100313
In base 2, what is 10010 - -1101111111?
1110010001
In base 4, what is -232310 - 103?
-233013
In base 3, what is -1 + -21021200?
-21021201
In base 12, what is -3a5 - -100?
-2a5
In base 9, what is 6 + -345?
-338
In base 7, what is 12 + 145126?
145141
In base 5, what is 4 - 310033?
-310024
In base 10, what is 603 - 339?
264
In base 4, what is 12001 + 11120?
23121
In base 14, what is -11375 - 1?
-11376
In base 15, what is -71 - -a?
-66
In base 9, what is 1248 - 135?
1113
In base 9, what is 343 + -2505?
-2152
In base 12, what is -535 + 4?
-531
In base 10, what is -4 - 49507?
-49511
In base 6, what is 1354402 - 4?
1354354
In base 7, what is 1522 + -22?
1500
In base 3, what is 1120101020 - 10?
1120101010
In base 8, what is -11 + 361565?
361554
In base 6, what is 2 - -123420?
123422
In base 13, what is 76 + -a4?
-2b
In base 6, what is -12314303 - -2?
-12314301
In base 9, what is -712661 - -3?
-712657
In base 14, what is 3 + -12387c?
-123879
In base 8, what is 514427 - 1?
514426
In base 12, what is 1001b7 + -4?
1001b3
In base 10, what is -17248 - 9?
-17257
In base 16, what is 54677 - 0?
54677
In base 13, what is 371 + 20c?
580
In base 9, what is 3 + 80685?
80688
In base 13, what is 1 - -33aa?
33ab
In base 16, what is -3 - -2798d?
2798a
In base 7, what is 1221 + -21134?
-16613
In base 7, what is -5 - -13241041?
13241033
In base 5, what is 223 - 443242?
-443014
In base 14, what is -4 + -3b4a?
-3b50
In base 12, what is -65b + -8?
-667
In base 12, what is -4 - -11971a?
119716
In base 10, what is 35 - -9058?
9093
In base 9, what is 367546 + 1?
367547
In base 14, what is -24b - 154?
-3a1
In base 13, what is -1253 - -2?
-1251
In base 13, what is -211 - 592?
-7a3
In base 5, what is -4 + -1223342?
-1223401
In base 8, what is 0 - -33063?
33063
In base 11, what is -14513a8 - 3?
-1451400
In base 15, what is 2 - 5aa73?
-5aa71
In base 15, what is -924c0 - 9?
-924c9
In base 14, what is 85b0 - -4?
85b4
In base 16, what is -3a77 + 5?
-3a72
In base 6, what is 1030 + -12153?
-11123
In base 3, what is 211102 + -1012110?
-101001
In base 3, what is 2 + -1101000201?
-1101000122
In base 13, what is -8 + -3a22?
-3a2a
In base 12, what is 5 - -11b81b?
11b824
In base 13, what is -15 + -21c9?
-2211
In base 10, what is 109 - 63?
46
In base 12, what is -5 - b7a6?
-b7ab
In base 13, what is 5 - -3c67?
3c6c
In base 15, what is -d9 - -a1?
-38
In base 7, what is 13603 + 0?
13603
In base 7, what is -6 - 13110?
-13116
In base 6, what is 5034 + 325?
5403
In base 16, what is 1f7 + -705?
-50e
In base 7, what is -6 - 160522?
-160531
In base 8, what is -520 + -426?
-1146
In base 5, what is -1002341 + 121?
-1002220
In base 15, what is -637 - -35e?
-2c8
In base 3, what is 12011 + -120222121?
-120210110
In base 5, what is -102340 - 43?
-102433
In base 13, what is 703 - -941?
1344
In base 12, what is 1b94 + -2?
1b92
In base 5, what is -224 + 12130233?
12130004
In base 4, what is 12 + 202001002?
202001020
In base 11, what is 1229 + 1505?
2733
In base 7, what is 2633 + -55?
2545
In base 6, what is -41 + -1301422?
-1301503
In base 15, what is -15b7 - 68?
-1630
In base 8, what is -6471 - 6?
-6477
In base 12, what is -143 - 250?
-393
In base 5, what is 131120 - 1?
131114
In base 7, what is 2 + -14001?
-13666
In base 10, what is 311 - 3965?
-3654
In base 5, what is -1204 + 312444?
311240
In base 12, what is 2 - 3802?
-3800
In base 6, what is -2 - -150442?
150440
In base 14, what is add3 - 1d?
adb4
In base 4, what is 222033110111 + 11?
222033110122
In base 10, what is 11 - -15032?
15043
In base 11, what is -1a + -2aa17?
-2aa36
In base 9, what is -5 + 8035?
8030
In base 14, what is -b + -1ab07?
-1ab14
In 